769
In base 4, what is -3120 - 1332132?
-2001312
In base 10, what is 1428 - 331114?
-329686
In base 15, what is 6d99 - 473?
6926
In base 14, what is -dd + -b039?
-b138
In base 11, what is -35827 - -260?
-35577
In base 16, what is -cac + 145e6?
1393a
In base 2, what is -10110101110100000001 + -1111?
-10110101110100010000
In base 13, what is -113 - 40010?
-40123
In base 11, what is 18 + -89535a?
-895342
In base 6, what is 11431355 - 454?
11430501
In base 5, what is 1 + 3443111111?
3443111112
In base 11, what is -7845 + -994?
-8729
In base 11, what is 296 - 912a40?
-912755
In base 13, what is -1 - 12521c10?
-12521c11
In base 7, what is 1 + 2005126354?
2005126355
In base 16, what is 3fb - -3?
3fe
In base 3, what is 201011 + 1221020?
2122101
In base 4, what is 102021010103 + 12?
102021010121
In base 11, what is -14920225 - 0?
-14920225
In base 7, what is 16411126160 - -5?
16411126165
In base 15, what is 75 - 173762?
-1736dc
In base 9, what is 350236124 + 4?
350236128
In base 9, what is -64383248 - -16?
-64383232
In base 16, what is -ec6 - -395?
-b31
In base 10, what is -6481 + -109254?
-115735
In base 13, what is -585c + -a853?
-133b2
In base 9, what is -1000 + -132127?
-133127
In base 10, what is -1085764 + 39?
-1085725
In base 11, what is 62 + -5907a76?
-5907a14
In base 6, what is -22251 - -313354?
251103
In base 14, what is 53 - 315470?
-31541b
In base 2, what is -1110011001000000001 - -11001010?
-1110011000100110111
In base 11, what is 60315 + 59?
60373
In base 13, what is -72 - 10882?
-10924
In base 5, what is -132020121 - -2424?
-132012142
In base 4, what is -1121132320021 - 3?
-1121132320030
In base 10, what is 420746 - -37?
420783
In base 6, what is 13 - -205004423?
205004440
In base 4, what is -1023031 + 130330232?
123301201
In base 9, what is -166834 + -1035?
-167870
In base 8, what is 141467 - -20?
141507
In base 14, what is 5216c3c + 4?
5216c42
In base 14, what is 9 + 2d4579?
2d4584
In base 16, what is 54 + 5dc00?
5dc54
In base 2, what is -1011000010110111 + 1010101000011?
-1001101101110100
In base 14, what is -b6 - -296319?
296243
In base 10, what is -27946017 - 1?
-27946018
In base 6, what is 21450110 + -1021?
21445045
In base 16, what is 1 - -68dadb1?
68dadb2
In base 6, what is 2414 + -5410?
-2552
In base 4, what is -1303203102 - 3?
-1303203111
In base 12, what is -317 + 19050?
18935
In base 8, what is 54235 - 27506?
24527
In base 5, what is 21034 - -1122334?
1143423
In base 5, what is 1304400302 + -13?
1304400234
In base 7, what is 11 - 4045131?
-4045120
In base 6, what is -3201 + -25340513?
-25344114
In base 2, what is -11 - -10110010000010110010011100?
10110010000010110010011001
In base 6, what is 1134 + 1000132?
1001310
In base 15, what is 61d - -1c6e?
238c
In base 2, what is -11001111101000000010101010 - 110?
-11001111101000000010110000
In base 8, what is 0 - 27320711?
-27320711
In base 13, what is 128904 + 4c?
128953
In base 2, what is -1010011011001100010010001 - -11?
-1010011011001100010001110
In base 13, what is 35 + -6ab9?
-6a84
In base 10, what is 1873182337 + 5?
1873182342
In base 13, what is 3 - -3b8b7505?
3b8b7508
In base 16, what is 17f5 + -5a4?
1251
In base 4, what is 112110 + -1000211?
-222101
In base 13, what is -988 + 32?
-956
In base 8, what is 1475010 + 365?
1475375
In base 6, what is -111251 + -1331?
-113022
In base 10, what is 3 - -546236?
546239
In base 11, what is 4 - 2626488?
-2626484
In base 10, what is -15 - 65399369?
-65399384
In base 11, what is 104210 + 14?
104224
In base 15, what is 38 - -39759d?
3975d6
In base 14, what is 15c196 + 4?
15c19a
In base 16, what is -1e + -a9d3?
-a9f1
In base 7, what is -5 - 345010223?
-345010231
In base 16, what is 11f72 + -207?
11d6b
In base 14, what is 6205 - 3122?
30c3
In base 13, what is -19055aa - -3?
-19055a7
In base 12, what is -b3738a + 17?
-b37373
In base 13, what is -128aa - 40a9?
-16986
In base 6, what is -54 + 241423153?
241423055
In base 13, what is -111b - -7b0?
-63b
In base 16, what is 0 + -64b1e52?
-64b1e52
In base 15, what is -96325 + -24?
-96349
In base 13, what is 7 - 2c71834?
-2c7182a
In base 8, what is -52657341 - -5?
-52657334
In base 5, what is -320030 - -24111?
-240414
In base 12, what is 21 + -4823599?
-4823578
In base 11, what is 98 - -4a1a8?
4a295
In base 2, what is -11011110111010111000111 - -10100?
-11011110111010110110011
In base 10, what is -2642 - -145308?
142666
In base 16, what is -2 + -663ff26?
-663ff28
In base 16, what is -e60 - -b0?
-db0
In base 16, what is -15da80e1 + 1?
-15da80e0
In base 7, what is 15 + -600013?
-566665
In base 14, what is -37c + 3961?
35c3
In base 15, what is -69 - 16d6a6?
-16d720
In base 13, what is -50 - 1190c?
-1195c
In base 5, what is 22200424 - -21?
22201000
In base 15, what is -573a + -1a1?
-58db
In base 8, what is 310004 + 322?
310326
In base 12, what is 23516 - b2?
23424
In base 7, what is -4101356 + 614?
-4100442
In base 10, what is -7559974 + -3?
-7559977
In base 16, what is -5ec - bc9?
-11b5
In base 4, what is 30 - 320102012?
-320101322
In base 16, what is 0 + -34e11?
-34e11
In base 10, what is 122 - 55951?
-55829
In base 4, what is -22 + -1130221102221?
-1130221102303
In base 14, what is -7 - -1cb88393?
1cb8838a
In base 7, what is -42 - -5434133?
5434061
In base 7, what is -41605662 + -26?
-41606021
In base 5, what is 200 - 3001043?
-3000343
In base 8, what is 46710203 + 4?
46710207
In base 3, what is -2001101001101021 + -12?
-2001101001101110
In base 4, what is -11 - -21130310131221?
21130310131210
In base 11, what is 494470a8 - -2?
494470aa
In base 2, what is -1000001010 - -110011110010001000?
110011101001111110
In base 8, what is -2264736 + -1?
-2264737
In base 12, what is 530b + -4b6?
4a15
In base 4, what is 131 - 212011301?
-212011110
In base 12, what is 10364 + 56?
103ba
In base 16, what is 17 - -2050f?
20526
In base 15, what is 3e96 + 2c1?
4267
In base 11, what is 14a + 103a78?
104117
In base 4, what is 32 + 13210132131?
13210132223
In base 4, what is -1122003001202 + -12?
-1122003001220
In base 11, what is 23146 - -440?
23586
In base 10, what is 1 - 14829190?
-14829189
In base 5, what is -43110 + -202104?
-300214
In base 12, what is 25591 + -4b?
25542
In base 11, what is 8a37 + 5280?
13207
In base 14, what is 37a - -4226b?
42607
In base 16, what is -2 - 4ad0b63?
-4ad0b65
In base 10, what is -4949406 + -34?
-4949440
In base 4, what is 1 - -22230210233130?
22230210233131
In base 6, what is 3 + 254232321?
254232324
In base 10, what is 384100927 + 1?
384100928
In base 11, what is -233064641 - 0?
-233064641
In base 11, what is -a00 + -149?
-1049
In base 5, what is -401220123 + 2442?
-401212131
In base 6, what is 30215 - -3504320?
3534535
In base 11, what is -a812255 + -a?
-a812264
In base 16, what is -2c5e - 1a3c?
-469a
In base 16, what is -a - 845ff?
-84609
In base 3, what is 2211201000000222 - -10?
2211201000001002
In base 14, what is 7 + 165377d?
1653786
In base 6, what is 0 - 10510114?
-10510114
In base 5, what is -14 + -4200202300?
-4200202314
In base 3, what is 11022100 + 2111201201?
2200001001
In base 4, what is -10031312 - 201?
-10032113
In base 10, what is -5176704 - -17?
-5176687
In base 4, what is 121030031 + 10002?
121100033
In base 15, what is -176 + -279b3?
-27b39
In base 14, what is 60c1 + -5c?
6063
In base 8, what is -2 - -31175140?
31175136
In base 10, what is 57765 + 8547?
66312
In base 14, what is 2754203 - a?
27541d7
In base 7, what is 20113 + 22316?
42432
In base 13, what is 258c316 - 3?
258c313
In base 11, what is -31474 + 1528?
-2aa47
In base 16, what is -27e61c + -1b?
-27e637
In base 6, what is 3 - 4132154555?
-4132154552
In base 5, what is 112024100100 + 2?
112024100102
In base 9, what is -6561353 - -2?
-6561351
In base 8, what is 12320 + 3012?
15332
In base 9, what is -2541 + -223663?
-226314
In base 5, what is 321 - -10334004240?
10334010111
In base 15, what is 16e832 - e1?
16e741
In base 7, what is -441501304 + 4?
-441501300
In base 11, what is 145a02452 + 3?
145a02455
In base 4, what is 1223013 + -21302023?
-20013010
In base 3, what is 1112122202010002 - -11?
1112122202010020
In base 2, what is 11 - 1010001101100101000000?
-1010001101100100111101
In base 3, what is -10110002 - -1122120?
-1210112
In base 9, what is -502510884 - -2?
-502510882
In base 12, what is -3 + -a